 938 is divided by 231?
14
Calculate the remainder when 4881 is divided by 1218.
9
Calculate the remainder when 67507 is divided by 459.
34
What is the remainder when 569999 is divided by 33?
23
Calculate the remainder when 7415 is divided by 165.
155
Calculate the remainder when 1129 is divided by 33.
7
Calculate the remainder when 161 is divided by 158.
3
What is the remainder when 54713 is divided by 547?
13
Calculate the remainder when 5997 is divided by 5426.
571
Calculate the remainder when 624 is divided by 454.
170
Calculate the remainder when 77153 is divided by 38570.
13
Calculate the remainder when 3974 is divided by 88.
14
What is the remainder when 6428 is divided by 195?
188
Calculate the remainder when 5353 is divided by 6.
1
Calculate the remainder when 45814 is divided by 7629.
40
What is the remainder when 20712 is divided by 60?
12
Calculate the remainder when 50336 is divided by 119.
118
What is the remainder when 16064 is divided by 268?
252
What is the remainder when 199650 is divided by 12474?
66
Calculate the remainder when 3163 is divided by 17.
1
What is the remainder when 90720 is divided by 45?
0
Calculate the remainder when 2718 is divided by 54.
18
Calculate the remainder when 669979 is divided by 533.
531
What is the remainder when 1894047 is divided by 270?
267
What is the remainder when 10145 is divided by 47?
40
What is the remainder when 9134 is divided by 4561?
12
Calculate the remainder when 7113 is divided by 6.
3
Calculate the remainder when 2795 is divided by 116.
11
Calculate the remainder when 5329 is divided by 254.
249
What is the remainder when 1196 is divided by 199?
2
What is the remainder when 1264423 is divided by 28?
27
What is the remainder when 28438 is divided by 199?
180
What is the remainder when 373 is divided by 60?
13
Calculate the remainder when 122436 is divided by 28.
20
Calculate the remainder when 15091 is divided by 1257.
7
Calculate the remainder when 168669 is divided by 56218.
15
Calculate the remainder when 44183 is divided by 469.
97
Calculate the remainder when 110558 is divided by 16.
14
Calculate the remainder when 73403 is divided by 20.
3
What is the remainder when 20903 is divided by 9?
5
Calculate the remainder when 406809 is divided by 135597.
18
What is the remainder when 63355 is divided by 80?
75
What is the remainder when 51035 is divided by 52?
23
What is the remainder when 1323 is divided by 37?
28
What is the remainder when 613 is divided by 40?
13
What is the remainder when 59200 is divided by 618?
490
What is the remainder when 15262 is divided by 1201?
850
Calculate the remainder when 624 is divided by 62.
4
Calculate the remainder when 276318 is divided by 352.
350
What is the remainder when 1481 is divided by 88?
73
What is the remainder when 30864 is divided by 359?
349
Calculate the remainder when 317691 is divided by 300.
291
What is the remainder when 9655 is divided by 1043?
268
What is the remainder when 7429 is divided by 7?
2
Calculate the remainder when 85335 is divided by 6095.
5
Calculate the remainder when 334649 is divided by 12394.
11
What is the remainder when 2596 is divided by 431?
10
What is the remainder when 47567 is divided by 1057?
2
What is the remainder when 2673161 is divided by 165?
161
What is the remainder when 106001 is divided by 15?
11
What is the remainder when 1119 is divided by 304?
207
What is the remainder when 6179 is divided by 1536?
35
Calculate the remainder when 5580 is divided by 1116.
0
Calculate the remainder when 30045 is divided by 3863.
3004
What is the remainder when 9212 is divided by 80?
12
What is the remainder when 3036732 is divided by 377?
374
What is the remainder when 29345 is divided by 2932?
25
What is the remainder when 4609 is divided by 462?
451
Calculate the remainder when 1324270 is divided by 33.
13
Calculate the remainder when 763177 is divided by 11.
8
Calculate the remainder when 19193 is divided by 1024.
761
Calculate the remainder when 1781 is divided by 397.
193
Calculate the remainder when 8794 is divided by 4396.
2
Calculate the remainder when 242561 is divided by 3515.
26
What is the remainder when 597 is divided by 584?
13
What is the remainder when 4682 is divided by 37?
20
What is the remainder when 8046 is divided by 2674?
24
What is the remainder when 3940 is divided by 122?
36
Calculate the remainder when 10412 is divided by 24.
20
What is the remainder when 239 is divided by 53?
27
Calculate the remainder when 56814 is divided by 59.
56
What is the remainder when 3524 is divided by 10?
4
Calculate the remainder when 161817 is divided by 333.
312
What is the remainder when 125474 is divided by 105?
104
What is the remainder when 65642 is divided by 517?
500
What is the remainder when 787015 is divided by 149?
146
What is the remainder when 411 is divided by 298?
113
What is the remainder when 21544 is divided by 19?
17
What is the remainder when 157771 is divided by 310?
291
What is the remainder when 9530 is divided by 17?
10
Calculate the remainder when 14128 is divided by 17.
1
What is the remainder when 123635 is divided by 13?
5
What is the remainder when 413399 is divided by 24?
23
Calculate the remainder when 34165 is divided by 10702.
2059
What is the remainder when 19644 is divided by 125?
19
What is the remainder when 1902202 is divided by 76?
74
What is the remainder when 92296 is divided by 46144?
8
What is the remainder when 63397 is divided by 358?
31
What is the remainder when 46366 is divided by 7717?
64
Calculate the remainder when 3965166 is divided by 1210.
1206
What is the remainder when 35084 is divided by 605?
599
What is the remainder when 15681 is divided by 347?
66
What is the remainder when 48297 is divided by 82?
81
Calculate the remainder when 34908 is divided by 546.
510
Calculate the remainder when 711 is divided by 78.
9
Calculate the remainder when 5117 is divided by 4930.
187
What is the remainder when 5677 is divided by 52?
9
Calculate the remainder when 336126 is divided by 128.
126
What is the remainder when 2647 is divided by 737?
436
Calculate the remainder when 92129 is divided by 261.
257
Calculate the remainder when 48475 is divided by 1938.
25
What is the remainder when 73472 is divided by 109?
6
Calculate the remainder when 12460 is divided by 11.
8
Calculate the remainder when 2838 is divided by 2828.
10
What is the remainder when 23827 is divided by 23798?
29
What is the remainder when 3107 is divided by 628?
595
Calculate the remainder when 98560 is divided by 1332.
1324
Calculate the remainder when 2451319 is divided by 931.
927
What is the remainder when 834 is divided by 118?
8
Calculate the remainder when 5976 is divided by 284.
12
Calculate the remainder when 4520 is divided by 2034.
452
Calculate the remainder when 946177 is divided by 81.
16
Calculate the remainder when 5712 is divided by 824.
768
What is the remainder when 3050 is divided by 5?
0
Calculate the remainder when 62746 is divided by 95.
46
Calculate the remainder when 23997 is divided by 11993.
11
Calculate the remainder when 124640 is divided by 20759.
86
Calculate the remainder when 5539 is divided by 476.
303
What is the remainder when 52282 is divided by 26041?
200
What is the remainder when 1192203 is divided by 28?
19
Calculate the remainder when 8901 is divided by 424.
421
Calculate the remainder when 26918 is divided by 2446.
12
What is the remainder when 390774 is divided by 1002?
996
What is the remainder when 423484 is divided by 211741?
2
What is the remainder when 18730 is divided by 9355?
20
What is the remainder when 194619 is divided by 32?
27
What is the remainder when 16235 is divided by 806?
115
Calculate the remainder when 49903 is divided by 16.
15
Calculate the remainder when 8296 is divided by 552.
16
Calculate the remainder when 162654 is divided by 33.
30
What is the remainder when 23281 is divided by 49?
6
Calculate the remainder when 1061907 is divided by 874.
871
Calculate the remainder when 21621 is divided by 616.
61
What is the remainder when 1366 is divided by 45?
16
What is the remainder when 84231 is divided by 417?
414
Calculate the remainder when 108473 is divided by 364.
1
What is the remainder when 11091 is divided by 553